{"version":"1.0","provider_name":"kinaikaleidoszkop.hu","provider_url":"https:\/\/kinaikaleidoszkop.hu","author_name":"admin-sebi","author_url":"https:\/\/kinaikaleidoszkop.hu\/index.php\/author\/admin-sebi\/","title":"A NA\u00dc-jelent\u00e9s nem igazolja Jap\u00e1n tetteit - kinaikaleidoszkop.hu","type":"rich","width":600,"height":338,"html":"<blockquote class=\"wp-embedded-content\" data-secret=\"8GEhdHJQuk\"><a href=\"https:\/\/kinaikaleidoszkop.hu\/index.php\/2023\/07\/13\/a-nau-jelentes-nem-igazolja-japan-tetteit\/\">A NA\u00dc-jelent\u00e9s nem igazolja Jap\u00e1n tetteit<\/a><\/blockquote><iframe sandbox=\"allow-scripts\" security=\"restricted\" src=\"https:\/\/kinaikaleidoszkop.hu\/index.php\/2023\/07\/13\/a-nau-jelentes-nem-igazolja-japan-tetteit\/embed\/#?secret=8GEhdHJQuk\" width=\"600\" height=\"338\" title=\"&#8220;A NA\u00dc-jelent\u00e9s nem igazolja Jap\u00e1n tetteit&#8221; &#8212; kinaikaleidoszkop.hu\" data-secret=\"8GEhdHJQuk\" frameborder=\"0\" marginwidth=\"0\" marginheight=\"0\" scrolling=\"no\" class=\"wp-embedded-content\"><\/iframe><script type=\"text\/javascript\">\n\/* <![CDATA[ *\/\n\/*! This file is auto-generated *\/\n!function(d,l){\"use strict\";l.querySelector&&d.addEventListener&&\"undefined\"!=typeof URL&&(d.wp=d.wp||{},d.wp.receiveEmbedMessage||(d.wp.receiveEmbedMessage=function(e){var t=e.data;if((t||t.secret||t.message||t.value)&&!\/[^a-zA-Z0-9]\/.test(t.secret)){for(var s,r,n,a=l.querySelectorAll('iframe[data-secret=\"'+t.secret+'\"]'),o=l.querySelectorAll('blockquote[data-secret=\"'+t.secret+'\"]'),c=new RegExp(\"^https?:$\",\"i\"),i=0;i<o.length;i++)o[i].style.display=\"none\";for(i=0;i<a.length;i++)s=a[i],e.source===s.contentWindow&&(s.removeAttribute(\"style\"),\"height\"===t.message?(1e3<(r=parseInt(t.value,10))?r=1e3:~~r<200&&(r=200),s.height=r):\"link\"===t.message&&(r=new URL(s.getAttribute(\"src\")),n=new URL(t.value),c.test(n.protocol))&&n.host===r.host&&l.activeElement===s&&(d.top.location.href=t.value))}},d.addEventListener(\"message\",d.wp.receiveEmbedMessage,!1),l.addEventListener(\"DOMContentLoaded\",function(){for(var e,t,s=l.querySelectorAll(\"iframe.wp-embedded-content\"),r=0;r<s.length;r++)(t=(e=s[r]).getAttribute(\"data-secret\"))||(t=Math.random().toString(36).substring(2,12),e.src+=\"#?secret=\"+t,e.setAttribute(\"data-secret\",t)),e.contentWindow.postMessage({message:\"ready\",secret:t},\"*\")},!1)))}(window,document);\n\/\/# sourceURL=https:\/\/kinaikaleidoszkop.hu\/wp-includes\/js\/wp-embed.min.js\n\/* ]]> *\/\n<\/script>\n","thumbnail_url":"https:\/\/kinaikaleidoszkop.hu\/wp-content\/uploads\/2023\/07\/\u65e5\u672c\u6392\u6d77.jpg","thumbnail_width":800,"thumbnail_height":533,"description":"Jap\u00e1n nem haszn\u00e1lhatja a Nemzetk\u00f6zi Atomenergia-\u00fcgyn\u00f6ks\u00e9g (NA\u00dc) jelent\u00e9s\u00e9t tettei igazol\u00e1sak\u00e9nt, hangoztatta Wang Wenbin k\u00ednai k\u00fcl\u00fcgyi sz\u00f3viv\u0151 kedden. A fukusimai nukle\u00e1ris szennyv\u00edz tengerbe enged\u00e9s\u00e9vel kapcsolatban Wang elmondta, hogy a k\u00f6zelm\u00faltban megjelent k\u00fcl\u00f6nb\u00f6z\u0151 m\u00e9diajelent\u00e9sek alapj\u00e1n vitatott a NA\u00dc \u00e9rt\u00e9kel\u0151 jelent\u00e9se, az \u00e9rt\u00e9kel\u00e9sben r\u00e9szt vett szak\u00e9rt\u0151k elt\u00e9r\u0151 n\u00e9zeteket fogalmaztak meg. A sz\u00f3viv\u0151 hozz\u00e1tette, \u201eha a szennyezett vizet meg [&hellip;]"}

A NAÜ-jelentés nem igazolja Japán tetteit - kinaikaleidoszkop.hu

<blockquote class="wp-embedded-content" data-secret="8GEhdHJQuk"><a href="https://kinaikaleidoszkop.hu/index.php/2023/07/13/a-nau-jelentes-nem-igazolja-japan-tetteit/">A NAÜ-jelentés nem igazolja Japán tetteit</a></blockquote><iframe sandbox="allow-scripts" security="restricted" src="https://kinaikaleidoszkop.hu/index.php/2023/07/13/a-nau-jelentes-nem-igazolja-japan-tetteit/embed/#?secret=8GEhdHJQuk" width="600" height="338" title="&#8220;A NAÜ-jelentés nem igazolja Japán tetteit&#8221; &#8212; kinaikaleidoszkop.hu" data-secret="8GEhdHJQuk" frameborder="0" marginwidth="0" marginheight="0" scrolling="no" class="wp-embedded-content"></iframe><script type="text/javascript">
/* <![CDATA[ */
/*! This file is auto-generated */
!function(d,l){"use strict";l.querySelector&&d.addEventListener&&"undefined"!=typeof URL&&(d.wp=d.wp||{},d.wp.receiveEmbedMessage||(d.wp.receiveEmbedMessage=function(e){var t=e.data;if((t||t.secret||t.message||t.value)&&!/[^a-zA-Z0-9]/.test(t.secret)){for(var s,r,n,a=l.querySelectorAll('iframe[data-secret="'+t.secret+'"]'),o=l.querySelectorAll('blockquote[data-secret="'+t.secret+'"]'),c=new RegExp("^https?:$","i"),i=0;i<o.length;i++)o[i].style.display="none";for(i=0;i<a.length;i++)s=a[i],e.source===s.contentWindow&&(s.removeAttribute("style"),"height"===t.message?(1e3<(r=parseInt(t.value,10))?r=1e3:~~r<200&&(r=200),s.height=r):"link"===t.message&&(r=new URL(s.getAttribute("src")),n=new URL(t.value),c.test(n.protocol))&&n.host===r.host&&l.activeElement===s&&(d.top.location.href=t.value))}},d.addEventListener("message",d.wp.receiveEmbedMessage,!1),l.addEventListener("DOMContentLoaded",function(){for(var e,t,s=l.querySelectorAll("iframe.wp-embedded-content"),r=0;r<s.length;r++)(t=(e=s[r]).getAttribute("data-secret"))||(t=Math.random().toString(36).substring(2,12),e.src+="#?secret="+t,e.setAttribute("data-secret",t)),e.contentWindow.postMessage({message:"ready",secret:t},"*")},!1)))}(window,document);
//# sourceURL=https://kinaikaleidoszkop.hu/wp-includes/js/wp-embed.min.js
/* ]]> */
</script>

https://kinaikaleidoszkop.hu/wp-content/uploads/2023/07/日本排海.jpg

Japán nem használhatja a Nemzetközi Atomenergia-ügynökség (NAÜ) jelentését tettei igazolásaként, hangoztatta Wang Wenbin kínai külügyi szóvivő kedden. A fukusimai nukleáris szennyvíz tengerbe engedésével kapcsolatban Wang elmondta, hogy a közelmúltban megjelent különböző médiajelentések alapján vitatott a NAÜ értékelő jelentése, az értékelésben részt vett szakértők eltérő nézeteket fogalmaztak meg. A szóvivő hozzátette, „ha a szennyezett vizet meg [&hellip;]
