{"version":"1.0","provider_name":"kinaikaleidoszkop.hu","provider_url":"https:\/\/kinaikaleidoszkop.hu","author_name":"admin-sebi","author_url":"https:\/\/kinaikaleidoszkop.hu\/index.php\/author\/admin-sebi\/","title":"Hogyan val\u00f3suljon meg a San Francisc\u00f3-i v\u00edzi\u00f3? - kinaikaleidoszkop.hu","type":"rich","width":600,"height":338,"html":"<blockquote class=\"wp-embedded-content\" data-secret=\"xKwAk3XVwn\"><a href=\"https:\/\/kinaikaleidoszkop.hu\/index.php\/2023\/11\/18\/hogyan-valosuljon-meg-a-san-francisco-i-vizio\/\">Hogyan val\u00f3suljon meg a San Francisc\u00f3-i v\u00edzi\u00f3?<\/a><\/blockquote><iframe sandbox=\"allow-scripts\" security=\"restricted\" src=\"https:\/\/kinaikaleidoszkop.hu\/index.php\/2023\/11\/18\/hogyan-valosuljon-meg-a-san-francisco-i-vizio\/embed\/#?secret=xKwAk3XVwn\" width=\"600\" height=\"338\" title=\"&#8220;Hogyan val\u00f3suljon meg a San Francisc\u00f3-i v\u00edzi\u00f3?&#8221; &#8212; kinaikaleidoszkop.hu\" data-secret=\"xKwAk3XVwn\" frameborder=\"0\" marginwidth=\"0\" marginheight=\"0\" scrolling=\"no\" class=\"wp-embedded-content\"><\/iframe><script>\n\/*! This file is auto-generated *\/\n!function(d,l){\"use strict\";l.querySelector&&d.addEventListener&&\"undefined\"!=typeof URL&&(d.wp=d.wp||{},d.wp.receiveEmbedMessage||(d.wp.receiveEmbedMessage=function(e){var t=e.data;if((t||t.secret||t.message||t.value)&&!\/[^a-zA-Z0-9]\/.test(t.secret)){for(var s,r,n,a=l.querySelectorAll('iframe[data-secret=\"'+t.secret+'\"]'),o=l.querySelectorAll('blockquote[data-secret=\"'+t.secret+'\"]'),c=new RegExp(\"^https?:$\",\"i\"),i=0;i<o.length;i++)o[i].style.display=\"none\";for(i=0;i<a.length;i++)s=a[i],e.source===s.contentWindow&&(s.removeAttribute(\"style\"),\"height\"===t.message?(1e3<(r=parseInt(t.value,10))?r=1e3:~~r<200&&(r=200),s.height=r):\"link\"===t.message&&(r=new URL(s.getAttribute(\"src\")),n=new URL(t.value),c.test(n.protocol))&&n.host===r.host&&l.activeElement===s&&(d.top.location.href=t.value))}},d.addEventListener(\"message\",d.wp.receiveEmbedMessage,!1),l.addEventListener(\"DOMContentLoaded\",function(){for(var e,t,s=l.querySelectorAll(\"iframe.wp-embedded-content\"),r=0;r<s.length;r++)(t=(e=s[r]).getAttribute(\"data-secret\"))||(t=Math.random().toString(36).substring(2,12),e.src+=\"#?secret=\"+t,e.setAttribute(\"data-secret\",t)),e.contentWindow.postMessage({message:\"ready\",secret:t},\"*\")},!1)))}(window,document);\n\/\/# sourceURL=https:\/\/kinaikaleidoszkop.hu\/wp-includes\/js\/wp-embed.min.js\n<\/script>\n","thumbnail_url":"https:\/\/kinaikaleidoszkop.hu\/wp-content\/uploads\/2023\/11\/\u4f1a\u89c1.jpg","thumbnail_width":1062,"thumbnail_height":597,"description":"Az amerikai San Francisco k\u00f6zel\u00e9ben tal\u00e1lhat\u00f3 Filoli kert november 15-\u00e9n a vil\u00e1g figyelm\u00e9nek k\u00f6z\u00e9ppontj\u00e1ba ker\u00fclt: Hszi Csin-ping k\u00ednai eln\u00f6k \u00e9s Joe Biden amerikai eln\u00f6k k\u00f6zel n\u00e9gy \u00f3r\u00e1n \u00e1t folytatott itt hossz\u00fa besz\u00e9lget\u00e9st, \u00e9s t\u00f6bb mint 20 konszenzust \u00e9rtek el, megteremtve a j\u00f6v\u0151orient\u00e1lt \u201eSan Francisc\u00f3-i v\u00edzi\u00f3t\u201d. \u201eA k\u00ednai\u2013amerikai cs\u00facstal\u00e1lkoz\u00f3 t\u00f6bb ter\u00fcleten tett el\u0151rel\u00e9p\u00e9st\u201d \u2013 \u00edrta a [&hellip;]"}

Hogyan valósuljon meg a San Franciscó-i vízió? - kinaikaleidoszkop.hu

<blockquote class="wp-embedded-content" data-secret="xKwAk3XVwn"><a href="https://kinaikaleidoszkop.hu/index.php/2023/11/18/hogyan-valosuljon-meg-a-san-francisco-i-vizio/">Hogyan valósuljon meg a San Franciscó-i vízió?</a></blockquote><iframe sandbox="allow-scripts" security="restricted" src="https://kinaikaleidoszkop.hu/index.php/2023/11/18/hogyan-valosuljon-meg-a-san-francisco-i-vizio/embed/#?secret=xKwAk3XVwn" width="600" height="338" title="&#8220;Hogyan valósuljon meg a San Franciscó-i vízió?&#8221; &#8212; kinaikaleidoszkop.hu" data-secret="xKwAk3XVwn" frameborder="0" marginwidth="0" marginheight="0" scrolling="no" class="wp-embedded-content"></iframe><script>
/*! This file is auto-generated */
!function(d,l){"use strict";l.querySelector&&d.addEventListener&&"undefined"!=typeof URL&&(d.wp=d.wp||{},d.wp.receiveEmbedMessage||(d.wp.receiveEmbedMessage=function(e){var t=e.data;if((t||t.secret||t.message||t.value)&&!/[^a-zA-Z0-9]/.test(t.secret)){for(var s,r,n,a=l.querySelectorAll('iframe[data-secret="'+t.secret+'"]'),o=l.querySelectorAll('blockquote[data-secret="'+t.secret+'"]'),c=new RegExp("^https?:$","i"),i=0;i<o.length;i++)o[i].style.display="none";for(i=0;i<a.length;i++)s=a[i],e.source===s.contentWindow&&(s.removeAttribute("style"),"height"===t.message?(1e3<(r=parseInt(t.value,10))?r=1e3:~~r<200&&(r=200),s.height=r):"link"===t.message&&(r=new URL(s.getAttribute("src")),n=new URL(t.value),c.test(n.protocol))&&n.host===r.host&&l.activeElement===s&&(d.top.location.href=t.value))}},d.addEventListener("message",d.wp.receiveEmbedMessage,!1),l.addEventListener("DOMContentLoaded",function(){for(var e,t,s=l.querySelectorAll("iframe.wp-embedded-content"),r=0;r<s.length;r++)(t=(e=s[r]).getAttribute("data-secret"))||(t=Math.random().toString(36).substring(2,12),e.src+="#?secret="+t,e.setAttribute("data-secret",t)),e.contentWindow.postMessage({message:"ready",secret:t},"*")},!1)))}(window,document);
//# sourceURL=https://kinaikaleidoszkop.hu/wp-includes/js/wp-embed.min.js
</script>

https://kinaikaleidoszkop.hu/wp-content/uploads/2023/11/会见.jpg

Az amerikai San Francisco közelében található Filoli kert november 15-én a világ figyelmének középpontjába került: Hszi Csin-ping kínai elnök és Joe Biden amerikai elnök közel négy órán át folytatott itt hosszú beszélgetést, és több mint 20 konszenzust értek el, megteremtve a jövőorientált „San Franciscó-i víziót”. „A kínai–amerikai csúcstalálkozó több területen tett előrelépést” – írta a [&hellip;]
