{"id":16449,"date":"2023-02-23T01:24:01","date_gmt":"2023-02-23T00:24:01","guid":{"rendered":"https:\/\/kinaikaleidoszkop.hu\/?page_id=16449"},"modified":"2023-03-08T14:13:45","modified_gmt":"2023-03-08T13:13:45","slug":"impresszum","status":"publish","type":"page","link":"https:\/\/kinaikaleidoszkop.hu\/index.php\/impresszum\/","title":{"rendered":"Impresszum"},"content":{"rendered":"\n<p><\/p>\n\n\n\n<h3 class=\"wp-block-heading\">Kiad\u00f3 neve: Mediamatrix21 Kft.<br>Kiad\u00f3 sz\u00e9khelye: 1055 Budapest, Nyugati t\u00e9r 6. III\/3.<\/h3>\n\n\n\n<p>Szerkeszt\u00e9s\u00e9rt felel\u0151s szem\u00e9ly: Martin-Kov\u00e1cs Mikl\u00f3s<br>Kiad\u00e1s\u00e9rt felel\u0151s szem\u00e9ly: Martin-Kov\u00e1cs Mikl\u00f3s<\/p>\n\n\n\n<p><\/p>\n","protected":false},"excerpt":{"rendered":"<p>Kiad\u00f3 neve: Mediamatrix21 Kft.Kiad\u00f3 sz\u00e9khelye: 1055 Budapest, Nyugati t\u00e9r 6. III\/3. Szerkeszt\u00e9s\u00e9rt felel\u0151s szem\u00e9ly: Martin-Kov\u00e1cs Mikl\u00f3sKiad\u00e1s\u00e9rt felel\u0151s szem\u00e9ly: Martin-Kov\u00e1cs Mikl\u00f3s<\/p>\n","protected":false},"author":1,"featured_media":0,"parent":0,"menu_order":0,"comment_status":"closed","ping_status":"closed","template":"","meta":{"footnotes":""},"class_list":["post-16449","page","type-page","status-publish","hentry"],"yoast_head":"<!-- This site is optimized with the Yoast SEO plugin v23.7 - https:\/\/yoast.com\/wordpress\/plugins\/seo\/ -->\n<title>Impresszum - kinaikaleidoszkop.hu<\/title>\n<meta name=\"robots\" content=\"index, follow, max-snippet:-1, max-image-preview:large, max-video-preview:-1\" \/>\n<link rel=\"canonical\" href=\"https:\/\/kinaikaleidoszkop.hu\/index.php\/impresszum\/\" \/>\n<meta property=\"og:locale\" content=\"hu_HU\" \/>\n<meta property=\"og:type\" content=\"article\" \/>\n<meta property=\"og:title\" content=\"Impresszum - kinaikaleidoszkop.hu\" \/>\n<meta property=\"og:description\" content=\"Kiad\u00f3 neve: Mediamatrix21 Kft.Kiad\u00f3 sz\u00e9khelye: 1055 Budapest, Nyugati t\u00e9r 6. III\/3. Szerkeszt\u00e9s\u00e9rt felel\u0151s szem\u00e9ly: Martin-Kov\u00e1cs Mikl\u00f3sKiad\u00e1s\u00e9rt felel\u0151s szem\u00e9ly: Martin-Kov\u00e1cs Mikl\u00f3s\" \/>\n<meta property=\"og:url\" content=\"https:\/\/kinaikaleidoszkop.hu\/index.php\/impresszum\/\" \/>\n<meta property=\"og:site_name\" content=\"kinaikaleidoszkop.hu\" \/>\n<meta property=\"article:modified_time\" content=\"2023-03-08T13:13:45+00:00\" \/>\n<meta name=\"twitter:card\" content=\"summary_large_image\" \/>\n<script type=\"application\/ld+json\" class=\"yoast-schema-graph\">{\"@context\":\"https:\/\/schema.org\",\"@graph\":[{\"@type\":\"WebPage\",\"@id\":\"https:\/\/kinaikaleidoszkop.hu\/index.php\/impresszum\/\",\"url\":\"https:\/\/kinaikaleidoszkop.hu\/index.php\/impresszum\/\",\"name\":\"Impresszum - kinaikaleidoszkop.hu\",\"isPartOf\":{\"@id\":\"https:\/\/kinaikaleidoszkop.hu\/#website\"},\"datePublished\":\"2023-02-23T00:24:01+00:00\",\"dateModified\":\"2023-03-08T13:13:45+00:00\",\"breadcrumb\":{\"@id\":\"https:\/\/kinaikaleidoszkop.hu\/index.php\/impresszum\/#breadcrumb\"},\"inLanguage\":\"hu\",\"potentialAction\":[{\"@type\":\"ReadAction\",\"target\":[\"https:\/\/kinaikaleidoszkop.hu\/index.php\/impresszum\/\"]}]},{\"@type\":\"BreadcrumbList\",\"@id\":\"https:\/\/kinaikaleidoszkop.hu\/index.php\/impresszum\/#breadcrumb\",\"itemListElement\":[{\"@type\":\"ListItem\",\"position\":1,\"name\":\"Kezd\u0151lap\",\"item\":\"https:\/\/kinaikaleidoszkop.hu\/\"},{\"@type\":\"ListItem\",\"position\":2,\"name\":\"Impresszum\"}]},{\"@type\":\"WebSite\",\"@id\":\"https:\/\/kinaikaleidoszkop.hu\/#website\",\"url\":\"https:\/\/kinaikaleidoszkop.hu\/\",\"name\":\"kinaikaleidoszkop.hu\",\"description\":\"\",\"potentialAction\":[{\"@type\":\"SearchAction\",\"target\":{\"@type\":\"EntryPoint\",\"urlTemplate\":\"https:\/\/kinaikaleidoszkop.hu\/?s={search_term_string}\"},\"query-input\":{\"@type\":\"PropertyValueSpecification\",\"valueRequired\":true,\"valueName\":\"search_term_string\"}}],\"inLanguage\":\"hu\"}]}<\/script>\n<!-- \/ Yoast SEO plugin. -->","yoast_head_json":{"title":"Impresszum - kinaikaleidoszkop.hu","robots":{"index":"index","follow":"follow","max-snippet":"max-snippet:-1","max-image-preview":"max-image-preview:large","max-video-preview":"max-video-preview:-1"},"canonical":"https:\/\/kinaikaleidoszkop.hu\/index.php\/impresszum\/","og_locale":"hu_HU","og_type":"article","og_title":"Impresszum - kinaikaleidoszkop.hu","og_description":"Kiad\u00f3 neve: Mediamatrix21 Kft.Kiad\u00f3 sz\u00e9khelye: 1055 Budapest, Nyugati t\u00e9r 6. III\/3. Szerkeszt\u00e9s\u00e9rt felel\u0151s szem\u00e9ly: Martin-Kov\u00e1cs Mikl\u00f3sKiad\u00e1s\u00e9rt felel\u0151s szem\u00e9ly: Martin-Kov\u00e1cs Mikl\u00f3s","og_url":"https:\/\/kinaikaleidoszkop.hu\/index.php\/impresszum\/","og_site_name":"kinaikaleidoszkop.hu","article_modified_time":"2023-03-08T13:13:45+00:00","twitter_card":"summary_large_image","schema":{"@context":"https:\/\/schema.org","@graph":[{"@type":"WebPage","@id":"https:\/\/kinaikaleidoszkop.hu\/index.php\/impresszum\/","url":"https:\/\/kinaikaleidoszkop.hu\/index.php\/impresszum\/","name":"Impresszum - kinaikaleidoszkop.hu","isPartOf":{"@id":"https:\/\/kinaikaleidoszkop.hu\/#website"},"datePublished":"2023-02-23T00:24:01+00:00","dateModified":"2023-03-08T13:13:45+00:00","breadcrumb":{"@id":"https:\/\/kinaikaleidoszkop.hu\/index.php\/impresszum\/#breadcrumb"},"inLanguage":"hu","potentialAction":[{"@type":"ReadAction","target":["https:\/\/kinaikaleidoszkop.hu\/index.php\/impresszum\/"]}]},{"@type":"BreadcrumbList","@id":"https:\/\/kinaikaleidoszkop.hu\/index.php\/impresszum\/#breadcrumb","itemListElement":[{"@type":"ListItem","position":1,"name":"Kezd\u0151lap","item":"https:\/\/kinaikaleidoszkop.hu\/"},{"@type":"ListItem","position":2,"name":"Impresszum"}]},{"@type":"WebSite","@id":"https:\/\/kinaikaleidoszkop.hu\/#website","url":"https:\/\/kinaikaleidoszkop.hu\/","name":"kinaikaleidoszkop.hu","description":"","potentialAction":[{"@type":"SearchAction","target":{"@type":"EntryPoint","urlTemplate":"https:\/\/kinaikaleidoszkop.hu\/?s={search_term_string}"},"query-input":{"@type":"PropertyValueSpecification","valueRequired":true,"valueName":"search_term_string"}}],"inLanguage":"hu"}]}},"distributor_meta":false,"distributor_terms":false,"distributor_media":false,"distributor_original_site_name":"kinaikaleidoszkop.hu","distributor_original_site_url":"https:\/\/kinaikaleidoszkop.hu","push-errors":false,"_links":{"self":[{"href":"https:\/\/kinaikaleidoszkop.hu\/index.php\/wp-json\/wp\/v2\/pages\/16449","targetHints":{"allow":["GET"]}}],"collection":[{"href":"https:\/\/kinaikaleidoszkop.hu\/index.php\/wp-json\/wp\/v2\/pages"}],"about":[{"href":"https:\/\/kinaikaleidoszkop.hu\/index.php\/wp-json\/wp\/v2\/types\/page"}],"author":[{"embeddable":true,"href":"https:\/\/kinaikaleidoszkop.hu\/index.php\/wp-json\/wp\/v2\/users\/1"}],"replies":[{"embeddable":true,"href":"https:\/\/kinaikaleidoszkop.hu\/index.php\/wp-json\/wp\/v2\/comments?post=16449"}],"version-history":[{"count":2,"href":"https:\/\/kinaikaleidoszkop.hu\/index.php\/wp-json\/wp\/v2\/pages\/16449\/revisions"}],"predecessor-version":[{"id":16601,"href":"https:\/\/kinaikaleidoszkop.hu\/index.php\/wp-json\/wp\/v2\/pages\/16449\/revisions\/16601"}],"wp:attachment":[{"href":"https:\/\/kinaikaleidoszkop.hu\/index.php\/wp-json\/wp\/v2\/media?parent=16449"}],"curies":[{"name":"wp","href":"https:\/\/api.w.org\/{rel}","templated":true}]}}